 620 = 0. What is the remainder when q is divided by 81?
78
Let v = 4477 + -3558. What is the remainder when v is divided by 13?
9
Let z = -1983 + 2723. Calculate the remainder when z is divided by 53.
51
Suppose 6*v = 2*v. Suppose -2*a + 0*a + 100 = v. Calculate the remainder when a is divided by (-4)/(-16) + (-51)/(-4).
11
Suppose 11*i = -1199 + 3245. Let k(h) = 5*h - 4. What is the remainder when i is divided by k(3)?
10
Suppose 0 = -2*o + 14, 583*o - 580*o - 2397 = -x. What is the remainder when x is divided by 593?
4
Let g(r) = -13*r**2 - 571*r + 99. Calculate the remainder when 1074 is divided by g(-44).
29
Calculate the remainder when (-19 - 35683/(-102)) + 7/6 + -2 is divided by 150.
30
Suppose 2*w - 18 = -q, w + 11*q - 9*q - 9 = 0. Suppose 3*v - 3*t - 37 = 2*t, 2*t = v - 14. Calculate the remainder when ((-11)/2)/((-1)/v) is divided by w.
4
Suppose 0 = -14*y + 17*y + 45. Let v = 13 - y. Let a = v + -10. What is the remainder when 71 is divided by a?
17
Let k(s) = -s**3 + 10*s. Suppose 525 = 19*g + 6*g. What is the remainder when k(-5) is divided by g?
12
Let z(l) = l. Let i(h) = -h**2 - 7*h + 38. Let d(u) = -i(u) + 6*z(u). Suppose -9*x - 144 = -x. Calculate the remainder when d(x) is divided by 18.
16
Let a = 2775 - 2511. Calculate the remainder when a is divided by 19.
17
Suppose -a - m = -794 - 610, -4*a - 3*m + 5616 = 0. Suppose -a = -452*n + 443*n. What is the remainder when n is divided by 18?
12
Let n = 1059 - 1912. Let o = 855 + n. What is the remainder when 59 is divided by o?
1
Suppose -3*x = -9*f + 5*f + 39, 2*x + 47 = 5*f. Let l(a) = -3*a**2 - 19*a + 6. What is the remainder when l(-6) is divided by f?
3
Let b(y) = -y**3 + 47*y**2 - 7*y + 550. Calculate the remainder when 2221 is divided by b(47).
11
Let i = 121 + -28. Suppose 2*h - i = 51. Suppose -101 = -0*a - 5*a - 3*f, -2*f - h = -4*a. What is the remainder when 75 is divided by a?
18
Let b be 8/(-10) + (-4340)/(-50). Let u = -65 + b. Calculate the remainder when 29 is divided by u.
8
Let z = -123 + 123. Calculate the remainder when 172 is divided by -1*(z/7 + 118/(-2)).
54
Calculate the remainder when 549 is divided by (-36)/135*-5 + (-1328)/(-12).
101
Suppose 685 + 984 = v + 3*b, 2*v = 3*b + 3320. Calculate the remainder when v is divided by 49.
46
Suppose 0 = -18*s + 22*s - 12, -3*z + 183 = s. What is the remainder when z is divided by 9?
6
What is the remainder when 490 is divided by (-4)/22 - (-1 - 3 - (-1509)/(-11))?
67
Let u(h) = 24*h**2 + 11*h + 7. Let o be u(-5). Suppose 5*d - 13*d = -o. Calculate the remainder when 270 is divided by d.
63
Suppose 2*y + h - 43 - 868 = 0, -3*y = h - 1367. What is the remainder when y is divided by 47?
33
Let r(q) = -2*q**2 - 33*q - 36. Let k(p) = 4*p + 6. Let s be k(2). What is the remainder when (s/6 + -2)*78 is divided by r(-15)?
8
Let w be 2/(-6) + (-13)/(-3). Suppose 150*c - 314*c = 2700 - 19264. Calculate the remainder when c is divided by w/(-10) + 134/10.
10
Let y = -37 + 108. Suppose 6*a = -y + 269. Suppose l - 40 = -3*k - k, 13 = k + l. What is the remainder when a is divided by k?
6
Let r(h) = -10*h + 56. Let o be r(6). Calculate the remainder when -133*((-150)/35 - o) is divided by 11.
5
Let p be (2*(-170)/8)/(16/96). Let i = 296 + p. Calculate the remainder when 96 is divided by i.
14
Suppose 0 = 3*s - t - 623, -3*t = -5*s - 34901 + 35946. Calculate the remainder when s is divided by 7/7 - 3*-32.
12
Let u = 785 + 35. Suppose -15*v + u + 1415 = 0. Calculate the remainder when v is divided by (-20)/((-1)/6*4).
29
Let t(u) = 4034*u - 1450. Calculate the remainder when t(1) is divided by 49.
36
What is the remainder when 13 is divided by 14 + 84/(-20 + 13)?
1
Suppose -2214 = 10*w - 754. Let n = w - -147. What is the remainder when 11 is divided by n?
0
Suppose 43*k - 969 = 24*k. Calculate the remainder when k is divided by 4.
3
Let v(d) = -2*d**2 + d - 3. Let m(j) = -2*j**2 - 2. Let f(u) = -6*m(u) + 5*v(u). Let t = 8 - 5. Calculate the remainder when f(t) is divided by 11.
8
Let c(t) = -t**3 + 19*t**2 + 18*t + 42. Let a be c(20). Let y(q) = 7 + 2 + 2*q**a + 5 + 8*q - q**2. Calculate the remainder when y(-9) is divided by 6.
5
Suppose 14*j = -11 - 17. What is the remainder when 49 is divided by (-4)/(j - 27/(-15))?
9
Let j(u) = -u + 13. Let d be 46/6 + 4/12. Let n be j(d). What is the remainder when 78 is divided by (0 - 2/8)/(n/(-820))?
37
Calculate the remainder when 949 is divided by (150/(-120))/(3/(-120)).
49
Suppose 545 = 5*d - 5*x, -11*d - 5*x + 351 = -8*d. Calculate the remainder when 359 is divided by d.
23
Let l = -480 - -820. Let r = 400 - l. What is the remainder when r is divided by 32?
28
Let j(x) = -x**3 - 29*x**2 - 7*x - 109. What is the remainder when 186 is divided by j(-29)?
92
Suppose -5*k + 55 = -4*v, -15*k = -16*k + 3*v + 22. Calculate the remainder when 646 is divided by k.
2
Suppose 23*y - 6 = 20*y. Suppose 0 = -4*r + i + 4, 4*r = 2*r - y*i + 12. Calculate the remainder when ((-13)/(78/144))/(-3 + 1) is divided by r.
0
Let b(z) = -12*z**3 + 2*z + 1. Let i be b(-2). Let o = 58 - i. What is the remainder when (o/25 - -1)*-65 is divided by 15?
11
Let a(g) = -g**2 - 226*g + 1653. Calculate the remainder when (-411)/(-5) - (-3)/(-15) is divided by a(-233).
16
Let r(w) = -w**2 + 67*w - 925. Calculate the remainder when 277 is divided by r(26).
136
Let o(n) = 44*n - 3 - 10 - 124 + 1 - 62. Let i = 74 + -21. Calculate the remainder when i is divided by o(5).
9
Let f = -83 - 70. Let v = f - -51. Let h = -55 - v. What is the remainder when h is divided by 10?
7
Let p(k) = -3*k**2 - 108*k + 4. Let v be p(-36). Suppose -j - 1691 = -v*w, -w + 13*j = 11*j - 421. What is the remainder when w is divided by 5?
3
Suppose 3*l - l - 4*c - 22 = 0, -3*l + 4*c + 25 = 0. Suppose 5*d = 2*d - 5*n - 229, l*n = d + 53. Let w = 84 + d. What is the remainder when w is divided by 8?
0
Let v(g) = -248*g - 394. What is the remainder when 202 is divided by v(-2)?
100
Suppose -5*y + 129 = 44. Let d = 232 - 121. Let h = 143 - d. What is the remainder when h is divided by y?
15
Suppose -n + 202 = 3*c, 5*c - 3*n = 8*c - 210. Calculate the remainder when 336 is divided by c.
6
Let w = 6096 + -5894. Calculate the remainder when w is divided by 4.
2
Suppose 0 = -11*k + 32*k + 105. Let p(l) = 2*l**3 + 2*l**3 - 3*l**3 + 6*l**2 - 11. Calculate the remainder when 26 is divided by p(k).
12
Suppose 0*r - r - 5*a + 26 = 0, -104 = -3*r - 2*a. Suppose 6*l = 2*l + r. Calculate the remainder when (0 - -2)/(4/(-352)*-4) is divided by l.
8
Let j(u) = -2*u**2 - 16*u + 2. Let m(d) = -d**2 - 6*d + 1. Let k(c) = 3*j(c) - 5*m(c). Calculate the remainder when k(-15) is divided by 16.
14
Let o(x) = 5*x**2 + 4. Suppose j = 4*j - 90. Let l = j - 32. Calculate the remainder when o(l) is divided by 13.
11
Suppose 0 = 5*b - 5*w + 590, -w - 434 = 4*b + 43. Let d = -101 - b. Calculate the remainder when d is divided by 11.
7
Let f(v) = 6*v**2 - 22*v + 48. What is the remainder when 290 is divided by f(5)?
26
Let g = -7116 - -7140. What is the remainder when 928 is divided by g?
16
Let w(f) = 40*f + 85. Let p(y) = -197*y - 425. Let a(o) = -2*p(o) - 11*w(o). What is the remainder when a(-7) is divided by 24?
21
Suppose h + 5 - 6 = 0, 0 = 4*p - 4*h - 16. Suppose p*u = 12*u - 42. What is the remainder when 119 is divided by 1/u + (-858)/(-36)?
23
Let k(h) = -70*h**3 - 4*h**2 - 4*h - 1. Let r = 3898 + -3872. What is the remainder when k(-1) is divided by r?
17
What is the remainder when 40 is divided by (-3700)/(-1480) + 1/2 + 0?
1
Let y(s) = -28*s**3 - 2*s**2 - 2*s - 3. Let t(r) = r**3 + 147*r**2 + 304*r + 2040. Calculate the remainder when y(-2) is divided by t(-145).
7
Let p = 840 - 1277. Let k = 718 + p. Suppose 7*l - 104 = k. Calculate the remainder when l is divided by 28.
27
Let q = 4322 - 3853. What is the remainder when q is divided by 76?
13
Let r(h) = -13*h**3 - 4*h**2 - 93*h - 520. Calculate the remainder when r(-5) is divided by 185.
175
Suppose -57*u + 54*u = 96. Let p = u - -49. Calculate the remainder when 100 is divided by p.
15
Let h = 147 - 147. Suppose 4*x = -w + 96, h = -18*w + 21*w - 3*x - 258. Let a = 61 + -16. What is the remainder when w is divided by a?
43
Let w = 13100 + -13057. What is the remainder when 158 is divided by w?
29
Calculate 